 + 1104 = -b. What is the units digit of d?
1
Let z = 111 - 108. Suppose -5*m - 163 = -3*r, -r - 92 = -z*r - 5*m. Let q = -30 + r. What is the tens digit of q?
2
Suppose -72 = 2*i + 2*n, -140 = 2*i + 3*i - 5*n. Let y = i - -36. What is the units digit of (129/(-18))/(y/(-24))?
3
Let g = -180 + 194. Suppose -g*b + 699 = -11*b. What is the units digit of b?
3
Suppose 2*y - 156 = -0. Let g = y - 75. Suppose 0 = 2*j - 4*r - 238, 2*r + 0*r = g*j - 357. What is the hundreds digit of j?
1
Suppose -9*z = -15*z - 360. Let p = z - -674. What is the units digit of p?
4
Let q be 9 - (-2 - -3)*4. Suppose -q*a + 236 = -89. Suppose -293 = -4*u - a. What is the units digit of u?
7
Suppose 5*y - 3*y - 12 = 3*s, -10 = 5*s. Suppose 2*a - y*u = -2*u + 2794, 2*a - 2786 = -3*u. What is the thousands digit of a?
1
Suppose -2*c - 1484 = 2*c. Let i = 852 + c. What is the units digit of i?
1
What is the ten thousands digit of 28511 - -917 - 7/(-1 - 0)?
2
Suppose 0*o - 10 = -2*o. Let j = 62 - -195. Suppose -4*a + 4*k + j = 77, o*a = -k + 225. What is the units digit of a?
5
Let y(j) = -8*j**3 - 3*j**2 + j. Let k be y(2). Let z = k - -183. Suppose 103*m = z*m - 678. What is the tens digit of m?
1
Let f = 18420 - 11603. What is the hundreds digit of f?
8
Let b = -8628 - -49512. What is the hundreds digit of b?
8
Suppose -45*v + 1 = -46*v. What is the hundreds digit of (123 + v)*((-5)/(-2) + 0)?
3
Suppose 0 = -29*x + 639893 + 134755. What is the ten thousands digit of x?
2
Let d(c) = -106*c + 97. Let m be d(-9). Let y = m + -743. What is the hundreds digit of y?
3
Let n(d) be the third derivative of 1/5*d**5 + 0 + 0*d - 5*d**2 - 5/12*d**4 - 3*d**3 - 1/120*d**6. What is the units digit of n(9)?
5
Let f be 5/(-40) - (-6065)/8. Let u = f - 133. What is the units digit of u?
5
Suppose 5*k - 16 = 3*r, r = -r - 5*k + 31. Suppose -5*m + 20*m = 0. Suppose -2*o + 252 = -n, 3*o - 396 = -m*o - r*n. What is the units digit of o?
8
Let l be 30600/156 + 2/(-13). Suppose z - l = -21. Suppose -z = -5*b + 5*i, 0*b - 2*b + 5*i = -55. What is the tens digit of b?
4
Let j be (-249)/(-15) - 3 - 8/(-20). Let k be 4/(-3)*(j + -26). Suppose 0 = a - k - 90. What is the tens digit of a?
0
Let t(a) = 159*a**3 - 10*a**2 + 111*a - 123. What is the thousands digit of t(8)?
1
Let o be 2/(-6)*2 + 626/(-6). Let l = o + 662. What is the hundreds digit of l?
5
Suppose 16*t + 18 = 70296 - 6758. What is the units digit of t?
0
Suppose -15*i = -7*i - 664. Suppose 4*f - 416 = 4*x, 3*f + 2*x + 20 = 322. Let m = f + i. What is the units digit of m?
5
Let c(r) be the third derivative of -r**6/120 - 7*r**5/60 - r**4/6 + 3*r**3 - r**2 - 36. What is the hundreds digit of c(-10)?
3
Suppose 308 - 3938 = -11*x. Suppose 2*g = -5*o + 923 + x, -4*o - g = -1000. What is the units digit of o?
9
Let y(x) = -7*x**2 + 466*x - 37. What is the thousands digit of y(42)?
7
Let p(r) = r**2 - 77. Let q be p(-9). What is the tens digit of -2*(q/8 - -2) - -683?
7
Let m = -64 + 67. Suppose 2*k + 2 = m*k. Suppose 5*g = 0, -280 = -4*b + g - k*g. What is the tens digit of b?
7
Let y = -3246 + 7244. What is the hundreds digit of y/25 - 2/(-25)?
1
Suppose -145*j + 747*j - 27798554 = 0. What is the units digit of j?
7
Let x(z) = 5*z**2 + 122*z - 7. Let c = -296 + 267. What is the hundreds digit of x(c)?
6
Suppose -3*l + 5*l = 0. Suppose l = -4*r - 650 + 114. Let d = 216 + r. What is the tens digit of d?
8
Let f(j) = j**3 - 5*j**2 - 15*j + 11. Let z be f(7). Suppose 30 = -3*i + 3*u + 1335, 0 = -z*u. What is the tens digit of i?
3
Suppose 75*o - 215808 = 279511 - 3919. What is the hundreds digit of o?
5
Suppose 0 = n + 5*o - 20263, 3*n + 3*o + 853 = 61642. What is the units digit of n?
3
Let o(m) = 21*m**2 + m + 1. Let t be o(-3). Let h = t - -65. Let c = 354 - h. What is the hundreds digit of c?
1
Let s = 94 - 257. Suppose 247 = -18*c - 1499. Let r = c - s. What is the tens digit of r?
6
Suppose -2107903 = -116*h - 33*h. What is the ten thousands digit of h?
1
Let i(d) = -d**2 + 4*d. Let a be i(4). Suppose a = 8*b + 2*b + 390. What is the units digit of (-150)/b + 14/91?
4
Suppose 4*j - 4*t + 2*t = 2898, 3*t - 707 = -j. Suppose -212 = 6*g - j. What is the units digit of g?
5
Let p(g) = -641*g + 5272. What is the tens digit of p(-12)?
6
Let x = 651 + -9. Suppose -p = -3*z + 968, 2*z = -3*p + 7*p + x. What is the tens digit of z?
2
Let t(q) = -5*q**3 - 2*q**2 - 5*q - 3. Let x be t(-1). Suppose n - 4 = 0, x*n - 1546 = -4*d + 314. What is the hundreds digit of d?
4
Let n be 2208/(-21) - ((-4)/(-14))/(-2). Let z = 567 - n. What is the hundreds digit of z?
6
What is the units digit of (-10217)/(17/(-935)*11)?
5
Let o(l) = 4*l + 30. Let q be o(-7). Suppose 0 = 5*j + 25, 26 = 2*u + q*u - 2*j. Suppose d - 59 = -u*z, 4*z = 2*d - 92 - 38. What is the tens digit of d?
6
Let u = -32188 - -50808. What is the tens digit of u?
2
Let v(x) = -x**2 + 22*x + 8. Let c(l) = 2*l**2 + 19*l - 5. Let a be c(-10). Suppose -k - 7 = -4, -a*j = -2*k - 106. What is the tens digit of v(j)?
4
Let y = 141120 - 68127. What is the ten thousands digit of y?
7
Let v = -13149 - -16263. What is the tens digit of v?
1
What is the hundreds digit of (-3 - -4) + -5 - (-1122)/1?
1
Let n = 22352 + 1810. What is the thousands digit of n?
4
Suppose -500248 - 614254 = -95*a - 177137. What is the units digit of a?
7
Suppose 13*b + 1593 = 10*b. Let d = 58 - b. What is the units digit of d?
9
Let z(o) = o**3 + 22*o**2 + 40*o + 39. Let d be z(-20). Suppose 0 = -i - s + d, -3*i + s + 86 + 43 = 0. What is the tens digit of i?
4
Let f(x) = -85*x + 7. Let v be f(-2). Let z = 543 + -235. Let p = z - v. What is the hundreds digit of p?
1
Suppose 5*c - 15 = 5*l, -3*c + c + l + 7 = 0. Suppose 0 = 2*i - 4*i + 4, c*i + 402 = 5*k. What is the tens digit of k?
8
What is the units digit of (-189095)/(-3) - (39/(-90) + 94/940)?
2
Let q = -43 - -46. Suppose -q*y = -11*y + 128. What is the units digit of (-8)/y + (-30)/(-4)?
7
Suppose -4*w = 16, 2*u - 3 = 7*u + 2*w. Suppose g + 4*v = 90, 2*v - u = -7. Let a = g - -46. What is the tens digit of a?
4
Let y = 642 + -637. Suppose -5*k = -7*s + 3*s - 150, 90 = 3*k - y*s. What is the tens digit of k?
3
Let p(f) = 30*f - 103. Let t be p(12). Suppose 2958 = -t*o + 263*o. What is the units digit of o?
3
Suppose -21*j + 6 + 43 = 28*j. Let t be 2 + (-2 - 2) - -8. What is the hundreds digit of (5 - t - 3)/(j/(-30))?
1
Let b(q) be the first derivative of -q**4/4 - 3*q**3 + 17*q**2/2 - 12*q - 6. Suppose 0 = 4*p - 3*w + 33, 3*w = -3*p + 8*w - 11. What is the tens digit of b(p)?
1
Suppose 2*n - 3*n - 5 = 0, 0 = 2*l - 2*n - 110. Let y = l + -60. Let c = 50 - y. What is the tens digit of c?
6
Suppose 10 + 18 = 7*p. Let s(r) = -8 + 4*r + p*r + 5*r. What is the tens digit of s(6)?
7
Let x = -23759 + 36170. What is the thousands digit of x?
2
What is the units digit of (-15262 - (12 + -26))*1/(-2)?
4
What is the hundreds digit of 8532/3792 + (0 - (-116059)/4)?
0
Let r(p) = p**3 - 2*p**2 - 2*p - 7. Suppose 0 = 4*o + 17 - 33. What is the tens digit of r(o)?
1
Let g = -1428 - -750. Suppose -q = 2*q - 6. What is the units digit of ((-1)/q)/(((-3)/g)/(-1))?
3
Suppose -5*k + w = -71180, 3*k = 5*w + 7748 + 34960. What is the thousands digit of k?
4
What is the units digit of (127065 - 21)/9 - 3?
3
Suppose -398*b + 606590 = -11026950. What is the ten thousands digit of b?
2
Suppose -3*w + q + 81 = 0, 0 = 3*w - w + 3*q - 76. Suppose 2*l - 3*v + 66 = 0, 0 = -0*l + 5*l + 5*v + 165. Let n = w - l. What is the units digit of n?
2
Let r = 50 + -47. Suppose 2*h = 2*i + 224, 5*h = 6*h + r*i - 100. Suppose -2*p + 117 = -h. What is the units digit of p?
3
Suppose -6*v + 15*v - 63 = 0. What is the hundreds digit of 1112/10*(v + -8 + 11)?
1
Let z = -2490 - -2486. Suppose r = -4*t + 109, -2*r + 0*t = -3*t - 185. What is the units digit of r/((-3 - z)*2 + -1)?
7
Let q(o) be the first derivative of -5*o**2 + 3*o - 26. Let v(y) = -11*y + 3. Let d(r) = 4*q(r) - 6*v(r). What is the units digit of d(3)?
2
Let b(z) = -11*z**2 + 15*z - 4. Let u(m) = 5*m**2 - 7*m + 2. Let y(l) = 4*b(l) + 9*u(l). Let k be y(0). What is the tens digit of k - 2632/(-18) - 4/18?
4
Let b = 18880 + -13414. What is the thousands digit of b?
5
What is the tens digit of (2/(-10))/((-134)/37686830)?
4
Let f(t) = t - 25. Let h be f(2